Suppose -z - 48*a = -49*a + 30, 0 = -z - 3*a - 26. Let x(p) = -p**2 - 25*p + 101. Calculate x(z).
-15
Let f(l) = -l**2 + 45*l + 40. Let q(c) = -c**2 + 34*c + 30. Let o(s) = -10*f(s) + 13*q(s). Determine o(-7).
-101
Let c(m) = m**3 - 51*m**2 - 96*m - 528. Let l be c(53). Let g(k) = -4*k**2 - 3*k + 10. Give g(l).
-12
Let n(z) = -1985*z - 3*z**2 - 1 + 1095*z + 881*z. Give n(-2).
5
Let r(t) be the second derivative of t**4/12 - 5*t**3/6 - 5*t**2 - 23709*t. Let y = -12 - -19. Calculate r(y).
4
Let q(h) = -7*h**3 - h**2. Suppose 6*s = 7*s + 766. Let b = s + 767. Calculate q(b).
-8
Let x(o) be the third derivative of 5*o**4/24 - 86*o**3/3 + 42*o**2. Give x(21).
-67
Suppose -20 = -4*o + 4. Let y be ((-18)/(-15)*-5)/(12/(-40)). Let r(d) = 157*d + y - 28 - 158*d. Determine r(o).
-14
Let s(j) = -2*j**2 - 45*j + 15. Let i(t) = t**2 + t - 953. Let v be i(-31). What is s(v)?
-8
Let g(j) = -13*j + 16. Let d(a) = 164*a + 982. Let n be d(-6). Give g(n).
42
Let x(m) = m**3 + 4*m**2 + 4*m + 3. Suppose 25*t - 5*c = 20*t - 50, 4*t + 5*c = 14. What is x(t)?
-13
Suppose -14*z - 13 = -3*a - 13*z, 0 = 5*a + 4*z - 16. Suppose -5*q = 3*o - 2 - 5, a*q + 24 = 5*o. Let y(f) = -f**2 - f. Give y(q).
0
Let r(t) = 4*t**3 + 160 - 272 + 2*t**2 + 88 + 100 - 5*t**3. Calculate r(0).
76
Suppose -101*u - 30 = -106*u. Let x(b) = 5*b**2 + 4*b + 1. Let p(k) = -4*k**2 - 3*k - 1. Let j(f) = u*p(f) + 5*x(f). Give j(0).
-1
Let v(h) = -h + 1. Let d(w) be the second derivative of 7*w**3/6 + w**2 + 19*w + 1. Let l(k) = -d(k) - 3*v(k). What is l(-5)?
15
Let t(h) = 14*h**2 - 3*h + 2. Let q = -28 + 29. Let d be t(q). Let b(p) = -d*p**3 - 1 - 3*p**3 + p**2 - p**3 + p**3. What is b(-1)?
16
Let g(f) = 533*f + 68215. Let b be g(-128). Let k(t) = -t - 2. Let q(d) = -1. Let n(o) = k(o) - 5*q(o). Calculate n(b).
12
Let v(c) = 2*c**2 - c - 4. Let k be v(2). Suppose -8*b = -10*b - 4*y - 4, 2*y + 14 = k*b. Let i(a) = 5*a. What is i(b)?
20
Suppose 14*z - 2 = 13*z. Let m(l) = z*l**2 - 3 + 6*l + 5 + 0*l + 4. What is m(-3)?
6
Let p(w) = -w + 5. Let s(j) = 8*j + 22. Let k(d) = -5*p(d) + s(d). Determine k(-2).
-29
Suppose 0 = -4*f - 31 + 35. Let l(s) = 10*s - 20*s + f + 4 + 13*s. Determine l(-4).
-7
Let b(l) be the second derivative of -l**8/6720 + l**6/180 + l**5/60 - 181*l**4/12 - 107*l. Let p(o) be the third derivative of b(o). Calculate p(3).
-13
Let a(o) be the second derivative of -1/3*o**4 - 1/20*o**5 + 4/3*o**3 + 3*o**2 + 0 + 108*o. Let n be -5*(2 + -1 + 0). Determine a(n).
-9
Let c(r) = r**3 + r**2 + 2*r + 12. Let y be c(0). Suppose 8 + 40 = y*x. Let s(d) = -2*d + 6. What is s(x)?
-2
Let r(d) = 0*d + 5*d - 2 + 4 - d + 0. Let i(m) be the first derivative of -m**2 + 2. Let n be i(1). Give r(n).
-6
Let u(y) = -955*y + 3824. Let i be u(4). Let x(h) = -h**2 + 13*h - 5. What is x(i)?
31
Let r(i) = -5*i + 9. Let n(z) = -4*z + 10. Let x(q) = q - 3. Let b(w) = -4*n(w) - 11*x(w). Let c(k) = 4*b(k) + 3*r(k). Calculate c(-1).
-6
Let x = 220 - 218. Let b(q) be the first derivative of -7/2*q**x + 3 - 5/3*q**3 + 1/4*q**4 + 8*q. Calculate b(6).
2
Let c(k) = k**2 + 2*k - 5. Let l be c(2). Let d(n) = 5*n**3 - 2*n**2 + n - 4. Let m(a) = 4*a**3 - 2*a**2 + a - 3. Let q(y) = 3*d(y) - 4*m(y). Give q(l).
-12
Let v(n) = -197*n - 194*n - 39 - 184*n - n**2 - 193*n + 752*n. Calculate v(-16).
-39
Let o(s) = 14 - 193*s + 95*s**2 - 90*s**2 + 202*s + 0*s**3 - s**3. Calculate o(8).
-106
Let l(h) = 3*h**2 - 14*h - 1. Let z be l(5). Let m(y) = 4*y - 7. Give m(z).
9
Let g(j) = -65*j. Let s(a) = -1955*a. Let k(q) = -30*g(q) + s(q). Determine k(-2).
10
Let q(o) = -o**3 - 4*o**2 + 5*o + 13. Let y = -548 - -542. Calculate q(y).
55
Suppose -27 = 2*i - 50*q + 51*q, 63 = -5*i + 2*q. Let t be (12/(-4) - i)*(-5)/(-50). Let d(l) be the first derivative of -3*l**4/4 + l**2 - l + 1. What is d(t)?
-2
Let z(b) = 3*b**3 + 6*b**2 + 6*b + 3. Suppose 272 - 269 = -l + f, 3*l + 5*f + 1 = 0. Calculate z(l).
-9
Let n(k) = -63*k - 74*k + 103*k - 9*k + 9. Determine n(1).
-34
Let l(x) = -3*x - 2*x - 12*x - 7 + 2*x + 3*x. Determine l(-1).
5
Suppose -2*j - 6 = -10. Let u(s) = 2*s + 0*s**j - 7*s**3 - 4*s**3 - 2 + 2*s**2 + 10*s**3. Suppose -235 = n - 233. Determine u(n).
10
Let a(v) be the second derivative of -v**5/60 - v**4/24 + v**3/6 - 15*v**2/2 + 53*v. Let f(t) be the second derivative of a(t). Give f(7).
-15
Let d(c) = -2*c**2 - 8 + c**2 + 11*c**2 + 3*c**2 + 15*c**2 - 10*c. What is d(-1)?
30
Let y(t) be the second derivative of 59*t**4/12 + t**3/6 - t**2 + 5948*t. Determine y(1).
58
Let n(o) be the third derivative of -o**4/8 + 119*o**3/6 + 798*o**2. Calculate n(22).
53
Let v(t) = -14*t**3 + t - 1. Let b(q) = q**3 + 6*q**2 + 5. Let u be b(-6). Let p be (-16)/(-20) - (-1)/u. Determine v(p).
-14
Let k(y) be the second derivative of y**6/120 - y**5/20 + y**4/24 + y**3/2 + 21*y**2/2 - y + 6. Let w(p) be the first derivative of k(p). Determine w(3).
6
Let y(q) be the first derivative of q**2 + 76*q - 2285. Determine y(-25).
26
Let r(m) = -3*m + 31. Let i be r(4). Let d(p) = -25*p**2 - 8*p + 2*p - p**3 + i*p**2. Calculate d(-5).
5
Let b be (-2)/15 + 3388/660. Let q(l) = -77*l + 403. Calculate q(b).
18
Let p(o) = 3*o**2. Let v be (-4)/(-18) + 6/(-27). Suppose 2*x + 5*r - 162 = v, -2*r - 134 = -2*x + 14. Let a = -74 + x. Determine p(a).
12
Let x(o) = o**2 + o + 24. Let i(n) = -3*n**2 - 74. Let g(l) = 2*i(l) + 7*x(l). Give g(-7).
20
Let a(q) = -19*q**2 + 32*q + 13. Let s(z) = 6*z**2 - 12*z - 5. Let b(r) = -3*a(r) - 8*s(r). Let o(f) = f**3 + 5*f**2 - 6*f - 1. Let k be o(-6). Calculate b(k).
10
Let k(t) = 2*t**2 - 4*t + 4. Let q(g) be the third derivative of 1/120*g**6 + 17/60*g**5 - 9*g**2 + 0 + 0*g + 10/3*g**3 + 1/24*g**4. Let u be q(-17). Give k(u).
10
Let m(s) = -720*s + 6 - 2 + 0 + 730*s. Determine m(-3).
-26
Let f(r) be the first derivative of -3*r**2/2 + 64*r - 685. Calculate f(19).
7
Let z(r) = r - 49 + 111 - 56. Let i be z(-6). Let g(v) = -v - 4 + 0*v + 15. Give g(i).
11
Let h(p) be the third derivative of p**4/8 + 52*p**3/3 + 684*p**2 - 4*p. Calculate h(-30).
14
Suppose 11*n + 24 = 57. Let q(s) = -3*s**2 + 0*s + s**2 + 0*s**2 + 2*s - 17*s**n - 1. Calculate q(1).
-18
Let h(w) = -5*w - 13. Let c be h(-3). Let p(x) = -13*x**c + 14*x**2 + 2*x - x - 2. Calculate p(0).
-2
Let y(g) = -g**3 + 4*g**2 + 3*g + 12. Let n be y(5). Let p = 25 + -22. Suppose 3*z = 2*s - 7, -p*s = -4*z + n*s - 14. Let a(k) = 4*k**2 + 1. Give a(z).
5
Let d(q) = 9*q + 21. Let g be d(3). Let y(t) = 7*t + 29*t - g*t + 6 + t**2. Determine y(6).
-30
Let x(t) = 3*t**2 + 7*t + 9. Let p be x(-3). Suppose -8*q = p*q - 161. Let n(o) = -o**2 + 7*o + 3. Calculate n(q).
3
Suppose -w = -2*d + 18, -509*w + 511*w = -4*d + 20. Let r(a) = -a**3 - 4*a**2 - 2*a + 10. What is r(w)?
18
Let g(o) = -o**2 + 3*o - 2. Let s = -201 - -226. Let k(c) = 2*c**2 - 51*c + 29. Let m be k(s). Determine g(m).
-6
Let z(s) be the first derivative of 7/2*s**2 + 1/4*s**4 - 60 + 2*s + 7/3*s**3. What is z(-6)?
-4
Let q(x) = -x**3 + x**2 + x - 1. Let i(g) = -5 + 1 - 8*g - 1 + g**2. Let z be i(9). Let j be (1*-2)/(3 - (z + 1)). Determine q(j).
0
Let w(l) = l**3 + 8*l**2 - 7*l + 7. Suppose 6*r - 229 = -67. Let f be 1/(3 + (-57)/r + -1). Give w(f).
-11
Let x(g) = -g - 9. Let w be x(-3). Let s(r) be the first derivative of -r**3/3 - 3*r**2 - 9*r - 1128. What is s(w)?
-9
Let i(v) be the second derivative of -v**4/12 + v**3 + v**2 - 3*v. Suppose 11*y + 0 = 55. Suppose 1 - 17 = -3*d - r, -d - 18 = y*r. Give i(d).
-5
Let c(z) = 4506*z - 39 + 4515*z - 9016*z. What is c(10)?
11
Let i(m) = -m**3 - 11*m**2 - 10*m + 10. Suppose 242 = 18*p - 298. Suppose 8*y - 7*y + 2*r + 14 = 0, -4*y + 5*r = p. Calculate i(y).
10
Let t(o) = -6 + o + 1 + 4. Let f(y) = 4*y + 13 - 12 + 10 - 3*y. Let v be f(-10). Give t(v).
0
Let a(p) be the third derivative of p**4/6 + p**3/6 - 6*p**2 - 12*p. Suppose 4*o + 14 = t - 0*t, 5*o = 5*t - 10. Give a(t).
-7
Let a = -5 - -2. Suppose -7*d + 2*z = -2*d - 29, -5*d + 15 = 5*z. Let c(i) = 2*i + 5*i + 2*i**2 - 1 - d*i - 2. Calculate c(a).
9
Let q(u) = -86*u + 25*u + u**2 + 2 + 33*u + 38*u. Give q(-12).
26
Let v(h) be the first derivative of -h**4/4 + 2*h**3 - 3*h**2 + 2*h - 78951. Let r = 7 + -3. Calculate v(r).
10
Let i(o) be the third derivative of -o**6/120 - o**5/30 + o**4/4 - 17*o**3/6 + 2*o**2 + 2099. What is i(-5)?
28
Let w